{"id":158,"date":"2025-01-31T18:54:27","date_gmt":"2025-01-31T17:54:27","guid":{"rendered":"https:\/\/scieriefrancois.com\/?page_id=158"},"modified":"2025-05-05T11:47:16","modified_gmt":"2025-05-05T09:47:16","slug":"certifications","status":"publish","type":"page","link":"https:\/\/scieriefrancois.com\/index.php\/certifications\/","title":{"rendered":"Certifications"},"content":{"rendered":"\n<p><\/p>\n\n\n\n<div class=\"wp-block-uagb-container uagb-block-q6njjzpj alignfull uagb-is-root-container\"><div class=\"uagb-container-inner-blocks-wrap\">\n<h2 class=\"wp-block-heading has-large-font-size\">Certifications et D\u00e9claration de performance<\/h2>\n\n\n\n<div class=\"wp-block-uagb-info-box uagb-block-kz3cl16s uagb-infobox__content-wrap  uagb-infobox-icon-above-title uagb-infobox-image-valign-top\"><div class=\"uagb-ifb-content\"><div class=\"uagb-ifb-title-wrap\"><h2 class=\"uagb-ifb-title\">Certifications <\/h2><\/div><p class=\"uagb-ifb-desc\">Nos certifications de fabrication attestent que nos processus de production respectent des standards rigoureux, vous assurant ainsi des biens de qualit\u00e9 sup\u00e9rieure. De plus, nos D\u00e9clarations de Performance fournissent des informations claires et pr\u00e9cises sur les caract\u00e9ristiques essentielles de nos produits, vous permettant de faire des choix \u00e9clair\u00e9s.<br><br>Nous vous invitons \u00e0 explorer notre gamme de produits certifi\u00e9s, qui allient qualit\u00e9, s\u00e9curit\u00e9 et performance. Faites le choix de l&rsquo;excellence en optant pour nos produits, con\u00e7us pour r\u00e9pondre \u00e0 vos besoins tout en respectant les normes les plus strictes.<\/p><\/div><\/div>\n\n\n\n<div class=\"wp-block-uagb-container uagb-block-z9up4unv\">\n<div data-aos= \"fade\" data-aos-duration=\"400\" data-aos-delay=\"0\" data-aos-easing=\"ease\" data-aos-once=\"true\" class=\"wp-block-uagb-container uagb-layout-grid uagb-block-cmiqg3xm\">\n<div data-aos= \"zoom-in\" data-aos-duration=\"400\" data-aos-delay=\"0\" data-aos-easing=\"ease\" data-aos-once=\"true\" class=\"wp-block-uagb-image alignleft uagb-block-ode5as2r wp-block-uagb-image--layout-default wp-block-uagb-image--effect-static wp-block-uagb-image--align-left\"><figure class=\"wp-block-uagb-image__figure\"><img decoding=\"async\" srcset=\"https:\/\/scieriefrancois.com\/wp-content\/uploads\/2025\/01\/selection-Vosges.png ,https:\/\/scieriefrancois.com\/wp-content\/uploads\/2025\/01\/selection-Vosges.png 780w, https:\/\/scieriefrancois.com\/wp-content\/uploads\/2025\/01\/selection-Vosges.png 360w\" sizes=\"auto, (max-width: 480px) 150px\" src=\"https:\/\/scieriefrancois.com\/wp-content\/uploads\/2025\/01\/selection-Vosges.png\" alt=\"\" class=\"uag-image-167\" width=\"396\" height=\"300\" title=\"selection Vosges\" loading=\"lazy\" role=\"img\"\/><\/figure><\/div>\n\n\n\n<div class=\"wp-block-uagb-info-box uagb-block-zqc24hyp uagb-infobox__content-wrap  uagb-infobox-icon-above-title uagb-infobox-image-valign-top\"><div class=\"uagb-ifb-content\"><div class=\"uagb-ifb-title-wrap\"><p class=\"uagb-ifb-title-prefix\">le meilleur de la for\u00eat vosgienne<\/p><h3 class=\"uagb-ifb-title\">S\u00e9lection Vosges<\/h3><\/div><p class=\"uagb-ifb-desc\"><br><br>Ce sont des entreprises qui s&rsquo;engagent, au travers de la charte obligatoire de leur Marque, pour plus de performance et de qualit\u00e9 au service de leurs clients.<br><br><a href=\"http:\/\/www.selection-vosges.com\/fr\/accueil.html\" target=\"_blank\" rel=\"noreferrer noopener\"><strong>Le site s\u00e9lection Vosges<\/strong><\/a><\/p><\/div><\/div>\n<\/div>\n\n\n\n<div class=\"wp-block-uagb-separator uagb-block-hdojw06j\"><div class=\"wp-block-uagb-separator__inner\" style=\"--my-background-image:\"><\/div><\/div>\n\n\n\n<div data-aos= \"fade\" data-aos-duration=\"400\" data-aos-delay=\"0\" data-aos-easing=\"ease\" data-aos-once=\"true\" class=\"wp-block-uagb-container uagb-layout-grid uagb-block-ruyzuaf0\">\n<div class=\"wp-block-uagb-image aligncenter uagb-block-9mumcsd6 wp-block-uagb-image--layout-default wp-block-uagb-image--effect-static wp-block-uagb-image--align-center alignleft\"><figure class=\"wp-block-uagb-image__figure\"><img decoding=\"async\" srcset=\"https:\/\/scieriefrancois.com\/wp-content\/uploads\/2025\/05\/pefc-label-pefc-1.png ,https:\/\/scieriefrancois.com\/wp-content\/uploads\/2025\/05\/pefc-label-pefc-1.png 780w, https:\/\/scieriefrancois.com\/wp-content\/uploads\/2025\/05\/pefc-label-pefc-1.png 360w\" sizes=\"auto, (max-width: 480px) 150px\" src=\"https:\/\/scieriefrancois.com\/wp-content\/uploads\/2025\/05\/pefc-label-pefc-1.png\" alt=\"\" class=\"uag-image-384\" width=\"282\" height=\"590\" title=\"pefc-label-pefc\" loading=\"lazy\" role=\"img\"\/><\/figure><\/div>\n\n\n\n<div data-aos= \"slide-left\" data-aos-duration=\"400\" data-aos-delay=\"0\" data-aos-easing=\"ease\" data-aos-once=\"true\" class=\"wp-block-uagb-info-box uagb-block-wzjztpbu uagb-infobox__content-wrap  uagb-infobox-icon-above-title uagb-infobox-image-valign-top\"><div class=\"uagb-ifb-content\"><div class=\"uagb-ifb-title-wrap\"><p class=\"uagb-ifb-title-prefix\"><br><br><br><br><br><br>LE D\u00c9VELOPPEMENT DURABLE DE LA FOR\u00caT<br><br><br><\/p><h3 class=\"uagb-ifb-title\"><a href=\"http:\/\/scieriefrancois.com\/wp-content\/uploads\/2025\/02\/certification_PEFC.pdf\" data-type=\"link\" data-id=\"https:\/\/www.pefc-france.org\/\" target=\"_blank\" rel=\"noreferrer noopener\">PEFC-France &#8211; Gardien de l&rsquo;\u00e9quilibre forestier<\/a><\/h3><\/div><p class=\"uagb-ifb-desc\">PEFC certifie la gestion durable des for\u00eats et rassemble autour d\u2019une vision multifonctionnelle et \u00e9quilibr\u00e9e de la for\u00eat dans 55 pays \u00e0 travers le monde. Depuis pr\u00e8s de 25 ans, PEFC France favorise l\u2019\u00e9quilibre entre les dimensions environnementales, soci\u00e9tales et \u00e9conomiques de la for\u00eat gr\u00e2ce \u00e0 des garanties de pratiques durables et l\u2019implication de 79 500 propri\u00e9taires forestiers et de plus 3 130 entreprises en France.<br><br> <strong>     <a href=\"https:\/\/www.pefc-france.org\/\" target=\"_blank\" rel=\"noreferrer noopener\">le site PEFC<\/a><\/strong><br><br><br><br><br><br><br><br><\/p><\/div><\/div>\n<\/div>\n\n\n\n<div class=\"wp-block-uagb-separator uagb-block-uybnowi0\"><div class=\"wp-block-uagb-separator__inner\" style=\"--my-background-image:\"><\/div><\/div>\n\n\n\n<div data-aos= \"fade\" data-aos-duration=\"400\" data-aos-delay=\"0\" data-aos-easing=\"ease\" data-aos-once=\"true\" class=\"wp-block-uagb-container uagb-layout-grid uagb-block-9wofusnd\">\n<div data-aos= \"slide-left\" data-aos-duration=\"400\" data-aos-delay=\"0\" data-aos-easing=\"ease\" data-aos-once=\"true\" class=\"wp-block-uagb-info-box uagb-block-e3lvlxt7 uagb-infobox__content-wrap  uagb-infobox-icon-above-title uagb-infobox-image-valign-top wp-block-uagb-info-box--has-margin\"><div class=\"uagb-infobox-margin-wrapper\"><div class=\"uagb-ifb-content\"><div class=\"uagb-ifb-title-wrap\"><p class=\"uagb-ifb-title-prefix\">NF EN14081-1+A1 et NF B 52001-1<\/p><h3 class=\"uagb-ifb-title\"><a href=\"http:\/\/scieriefrancois.com\/wp-content\/uploads\/2025\/02\/certification_ce.pdf\">CE Qualisud <\/a><\/h3><\/div><p class=\"uagb-ifb-desc\"><br>Cette norme r\u00e9git la classification des bois de structure pour la construction.<br><br><strong><a href=\"https:\/\/qualisud.fr\/\" target=\"_blank\" rel=\"noreferrer noopener\">Le site Qualisud<\/a><\/strong><\/p><\/div><\/div><\/div>\n\n\n\n<div data-aos= \"flip-down\" data-aos-duration=\"400\" data-aos-delay=\"0\" data-aos-easing=\"ease\" data-aos-once=\"true\" class=\"wp-block-uagb-image uagb-block-b70tyyjh wp-block-uagb-image--layout-default wp-block-uagb-image--effect-static wp-block-uagb-image--align-none alignleft\"><figure class=\"wp-block-uagb-image__figure\"><img decoding=\"async\" srcset=\"https:\/\/scieriefrancois.com\/wp-content\/uploads\/2025\/02\/qualisud.jpg ,https:\/\/scieriefrancois.com\/wp-content\/uploads\/2025\/02\/qualisud.jpg 780w, https:\/\/scieriefrancois.com\/wp-content\/uploads\/2025\/02\/qualisud.jpg 360w\" sizes=\"auto, (max-width: 480px) 150px\" src=\"https:\/\/scieriefrancois.com\/wp-content\/uploads\/2025\/02\/qualisud.jpg\" alt=\"\" class=\"uag-image-179\" width=\"305\" height=\"300\" title=\"qualisud\" loading=\"lazy\" role=\"img\"\/><\/figure><\/div>\n<\/div>\n\n\n\n<div class=\"wp-block-uagb-separator uagb-block-9hykjs6p\"><div class=\"wp-block-uagb-separator__inner\" style=\"--my-background-image:\"><\/div><\/div>\n\n\n\n<div data-aos= \"fade\" data-aos-duration=\"400\" data-aos-delay=\"0\" data-aos-easing=\"ease\" data-aos-once=\"true\" class=\"wp-block-uagb-container uagb-layout-grid uagb-block-bkzhac0o\">\n<div class=\"wp-block-uagb-image alignleft uagb-block-inyklp2r wp-block-uagb-image--layout-default wp-block-uagb-image--effect-static wp-block-uagb-image--align-left\"><figure class=\"wp-block-uagb-image__figure\"><img decoding=\"async\" srcset=\"https:\/\/scieriefrancois.com\/wp-content\/uploads\/2025\/05\/BoisdeFrance.jpg ,https:\/\/scieriefrancois.com\/wp-content\/uploads\/2025\/05\/BoisdeFrance.jpg 780w, https:\/\/scieriefrancois.com\/wp-content\/uploads\/2025\/05\/BoisdeFrance.jpg 360w\" sizes=\"auto, (max-width: 480px) 150px\" src=\"https:\/\/scieriefrancois.com\/wp-content\/uploads\/2025\/05\/BoisdeFrance.jpg\" alt=\"\" class=\"uag-image-382\" width=\"294\" height=\"390\" title=\"BoisdeFrance\" loading=\"lazy\" role=\"img\"\/><\/figure><\/div>\n\n\n\n<div data-aos= \"slide-left\" data-aos-duration=\"400\" data-aos-delay=\"0\" data-aos-easing=\"ease\" data-aos-once=\"true\" class=\"wp-block-uagb-info-box uagb-block-qzttv8rv uagb-infobox__content-wrap  uagb-infobox-icon-above-title uagb-infobox-image-valign-top\"><div class=\"uagb-ifb-content\"><div class=\"uagb-ifb-title-wrap\"><p class=\"uagb-ifb-title-prefix\">L&rsquo;identit\u00e9 et la garantie d&rsquo;origine du bois<br><\/p><h3 class=\"uagb-ifb-title\"><a href=\"http:\/\/scieriefrancois.com\/wp-content\/uploads\/2025\/02\/Certificat_bdf.pdf\" target=\"_blank\" rel=\"noreferrer noopener\">Le certificat BF 0047<\/a><\/h3><\/div><p class=\"uagb-ifb-desc\">Le label BOIS DE FRANCE a \u00e9t\u00e9 cr\u00e9\u00e9 par les professionnels du bois, pour les professionnels. Il permet de structurer la fili\u00e8re et de la promouvoir autant pour tous les acteurs (fournisseurs de bois, transformateurs et n\u00e9goces) que pour les prescripteurs, donneurs d\u2019ordre et le grand public.<br><br><strong><a href=\"https:\/\/bois-de-france.org\/\" target=\"_blank\" rel=\"noreferrer noopener\">Le site Bois de France<\/a><br><\/strong><\/p><\/div><\/div>\n<\/div>\n\n\n\n<div class=\"wp-block-uagb-separator uagb-block-mtqpwhvr\"><div class=\"wp-block-uagb-separator__inner\" style=\"--my-background-image:\"><\/div><\/div>\n\n\n\n<h2 class=\"wp-block-heading has-text-align-center has-cyan-bluish-gray-color has-text-color has-link-color has-large-font-size wp-elements-43b011e465719aeadad13c12657e3d18\">D\u00e9claration des Performances<\/h2>\n\n\n\n<blockquote class=\"wp-block-quote is-layout-flow wp-block-quote-is-layout-flow\">\n<p>La D\u00e9claration des Performances (Declaration of Performance ou <strong>DoP<\/strong> en anglais) <strong>est<\/strong> un document \u00e9tabli par les fabricants de <strong>produits<\/strong> de construction. Il s&rsquo;agit d&rsquo;un document qui d\u00e9taille les performances de ces <strong>produits<\/strong> en ce qui concerne leurs caract\u00e9ristiques essentielles. <br>Source <a href=\"https:\/\/fr.wikipedia.org\/wiki\/DOP\" data-type=\"link\" data-id=\"https:\/\/fr.wikipedia.org\/wiki\/DOP\">Wikipedia<\/a><\/p>\n<\/blockquote>\n\n\n\n<div class=\"wp-block-columns is-layout-flex wp-container-core-columns-is-layout-9d6595d7 wp-block-columns-is-layout-flex\">\n<div class=\"wp-block-column is-layout-flow wp-block-column-is-layout-flow\">\n<div data-aos= \"slide-left\" data-aos-duration=\"400\" data-aos-delay=\"0\" data-aos-easing=\"ease\" data-aos-once=\"true\" class=\"wp-block-uagb-icon-list uagb-block-9bdf8af8 coblocks-animate\" data-coblocks-animation=\"clipVertical\"><div class=\"uagb-icon-list__wrap\">\n<div class=\"wp-block-uagb-icon-list-child uagb-block-1017e1c9 coblocks-animate\" data-coblocks-animation=\"clipHorizontal\"><a target=\"_blank\" aria-label=\"DOP N\u00b01 C18 Version 1\" rel=\"noopener noreferrer\" href=\"http:\/\/scieriefrancois.com\/wp-content\/uploads\/2025\/02\/DOP_1.pdf\"> <\/a><span class=\"uagb-icon-list__source-wrap\"><img decoding=\"async\" class=\"uagb-icon-list__source-image\" src=\"http:\/\/scieriefrancois.com\/wp-content\/uploads\/2025\/02\/pdf1.jpg\" width=\"43\" height=\"43\" loading=\"lazy\" alt=\"\"\/><\/span><span class=\"uagb-icon-list__label\"><strong>DOP N\u00b01 C18 Version 1<a href=\"https:\/\/scieriefrancois.com\/ancien\/docs\/DOP_1_B.pdf\" target=\"_blank\" rel=\"noreferrer noopener\"><\/a><\/strong><\/span><\/div>\n\n\n\n<div class=\"wp-block-uagb-icon-list-child uagb-block-12c4367a\"><a target=\"_blank\" aria-label=\"DOP N\u00b01 bis C18 trait\u00e9 Version 2\" rel=\"noopener noreferrer\" href=\"http:\/\/scieriefrancois.com\/wp-content\/uploads\/2025\/02\/DOP_1_B.pdf\"> <\/a><span class=\"uagb-icon-list__source-wrap\"><img decoding=\"async\" class=\"uagb-icon-list__source-image\" src=\"http:\/\/scieriefrancois.com\/wp-content\/uploads\/2025\/02\/pdf1.jpg\" width=\"43\" height=\"43\" loading=\"lazy\" alt=\"\"\/><\/span><span class=\"uagb-icon-list__label\"><strong>DOP N\u00b01 bis C18 trait\u00e9 Version 2<a href=\"https:\/\/scieriefrancois.com\/ancien\/docs\/DOP_2.pdf\" target=\"_blank\" rel=\"noreferrer noopener\"><\/a><\/strong><\/span><\/div>\n\n\n\n<div class=\"wp-block-uagb-icon-list-child uagb-block-1c8bd04c\"><a target=\"_blank\" aria-label=\"DOP N\u00b02 C24 Version 1\" rel=\"noopener noreferrer\" href=\"http:\/\/scieriefrancois.com\/wp-content\/uploads\/2025\/02\/DOP_2.pdf\"> <\/a><span class=\"uagb-icon-list__source-wrap\"><img decoding=\"async\" class=\"uagb-icon-list__source-image\" src=\"http:\/\/scieriefrancois.com\/wp-content\/uploads\/2025\/02\/pdf1.jpg\" width=\"43\" height=\"43\" loading=\"lazy\" alt=\"\"\/><\/span><span class=\"uagb-icon-list__label\"><strong>DOP N\u00b02 C24 Version 1<a href=\"https:\/\/scieriefrancois.com\/ancien\/docs\/DOP_2_B.pdf\" target=\"_blank\" rel=\"noreferrer noopener\"><\/a><\/strong><\/span><\/div>\n\n\n\n<div class=\"wp-block-uagb-icon-list-child uagb-block-200f29be\"><a target=\"_blank\" aria-label=\"DOP N\u00b02 bis C24 trait\u00e9 Version 2\" rel=\"noopener noreferrer\" href=\"http:\/\/scieriefrancois.com\/wp-content\/uploads\/2025\/02\/DOP_2_B.pdf\"> <\/a><span class=\"uagb-icon-list__source-wrap\"><img decoding=\"async\" class=\"uagb-icon-list__source-image\" src=\"http:\/\/scieriefrancois.com\/wp-content\/uploads\/2025\/02\/pdf1.jpg\" width=\"43\" height=\"43\" loading=\"lazy\" alt=\"\"\/><\/span><span class=\"uagb-icon-list__label\"><strong>DOP N\u00b02 bis C24 trait\u00e9 Version 2<a href=\"https:\/\/scieriefrancois.com\/ancien\/docs\/DOP_3.pdf\" target=\"_blank\" rel=\"noreferrer noopener\"><\/a><\/strong><\/span><\/div>\n<\/div><\/div>\n<\/div>\n\n\n\n<div class=\"wp-block-column is-layout-flow wp-block-column-is-layout-flow\">\n<div data-aos= \"slide-left\" data-aos-duration=\"400\" data-aos-delay=\"0\" data-aos-easing=\"ease\" data-aos-once=\"true\" class=\"wp-block-uagb-icon-list uagb-block-b3d418cb\"><div class=\"uagb-icon-list__wrap\">\n<div class=\"wp-block-uagb-icon-list-child uagb-block-5b6ff197\"><a target=\"_blank\" aria-label=\"DOP N\u00b03 C30 Version 1\" rel=\"noopener noreferrer\" href=\"http:\/\/scieriefrancois.com\/wp-content\/uploads\/2025\/02\/DOP_3.pdf\"> <\/a><span class=\"uagb-icon-list__source-wrap\"><img decoding=\"async\" class=\"uagb-icon-list__source-image\" src=\"http:\/\/scieriefrancois.com\/wp-content\/uploads\/2025\/02\/pdf1.jpg\" width=\"43\" height=\"43\" loading=\"lazy\" alt=\"\"\/><\/span><span class=\"uagb-icon-list__label\"><strong>DOP N\u00b03 C30 Version 1<a href=\"https:\/\/scieriefrancois.com\/ancien\/docs\/DOP_3_B.pdf\" target=\"_blank\" rel=\"noreferrer noopener\"><\/a><\/strong><\/span><\/div>\n\n\n\n<div class=\"wp-block-uagb-icon-list-child uagb-block-5f0076e0\"><a target=\"_blank\" aria-label=\"DOP N\u00b03 bis C30 trait\u00e9 Version 2\" rel=\"noopener noreferrer\" href=\"http:\/\/scieriefrancois.com\/wp-content\/uploads\/2025\/02\/DOP_3_B.pdf\"> <\/a><span class=\"uagb-icon-list__source-wrap\"><img decoding=\"async\" class=\"uagb-icon-list__source-image\" src=\"http:\/\/scieriefrancois.com\/wp-content\/uploads\/2025\/02\/pdf1.jpg\" width=\"43\" height=\"43\" loading=\"lazy\" alt=\"\"\/><\/span><span class=\"uagb-icon-list__label\"><strong>DOP N\u00b03 bis C30 trait\u00e9 Version 2<a href=\"https:\/\/scieriefrancois.com\/ancien\/docs\/DOP_4.pdf\" target=\"_blank\" rel=\"noreferrer noopener\"><\/a><\/strong><\/span><\/div>\n\n\n\n<div class=\"wp-block-uagb-icon-list-child uagb-block-faf76310\"><a target=\"_blank\" aria-label=\"DOP N\u00b04 C27 Version 1\" rel=\"noopener noreferrer\" href=\"http:\/\/scieriefrancois.com\/wp-content\/uploads\/2025\/02\/DOP_4.pdf\"> <\/a><span class=\"uagb-icon-list__source-wrap\"><img decoding=\"async\" class=\"uagb-icon-list__source-image\" src=\"http:\/\/scieriefrancois.com\/wp-content\/uploads\/2025\/02\/pdf1.jpg\" width=\"43\" height=\"43\" loading=\"lazy\" alt=\"\"\/><\/span><span class=\"uagb-icon-list__label\"><strong>DOP N\u00b04 C27 Version 1<a href=\"https:\/\/scieriefrancois.com\/ancien\/docs\/DOP_4_B.pdf\" target=\"_blank\" rel=\"noreferrer noopener\"><\/a><\/strong><\/span><\/div>\n\n\n\n<div class=\"wp-block-uagb-icon-list-child uagb-block-857a0288\"><a target=\"_blank\" aria-label=\"DOP N\u00b04 bis C27 trait\u00e9 Version 2\" rel=\"noopener noreferrer\" href=\"http:\/\/scieriefrancois.com\/wp-content\/uploads\/2025\/02\/DOP_4_B.pdf\"> <\/a><span class=\"uagb-icon-list__source-wrap\"><img decoding=\"async\" class=\"uagb-icon-list__source-image\" src=\"http:\/\/scieriefrancois.com\/wp-content\/uploads\/2025\/02\/pdf1.jpg\" width=\"43\" height=\"43\" loading=\"lazy\" alt=\"\"\/><\/span><span class=\"uagb-icon-list__label\"><strong>DOP N\u00b04 bis C27 trait\u00e9 Version 2<\/strong><\/span><\/div>\n<\/div><\/div>\n<\/div>\n<\/div>\n<\/div>\n\n\n<div class=\"wp-block-image is-style-default\">\n<figure class=\"aligncenter size-full is-resized coblocks-animate\" data-coblocks-animation=\"zoomIn\"><img loading=\"lazy\" decoding=\"async\" width=\"594\" height=\"181\" src=\"https:\/\/scieriefrancois.com\/wp-content\/uploads\/2025\/02\/dop_logo-1.png\" alt=\"\" class=\"wp-image-228\" style=\"width:276px;height:auto\" srcset=\"https:\/\/scieriefrancois.com\/wp-content\/uploads\/2025\/02\/dop_logo-1.png 594w, https:\/\/scieriefrancois.com\/wp-content\/uploads\/2025\/02\/dop_logo-1-300x91.png 300w\" sizes=\"auto, (max-width: 594px) 100vw, 594px\" \/><\/figure>\n<\/div><\/div><\/div>\n\n\n\n<p><\/p>\n","protected":false},"excerpt":{"rendered":"<p>Certifications et D\u00e9claration de performance D\u00e9claration des Performances La D\u00e9claration des Performances (Declaration of Performance ou DoP en anglais) est un document \u00e9tabli par les fabricants de produits de construction. Il s&rsquo;agit d&rsquo;un document qui d\u00e9taille les performances de ces produits en ce qui concerne leurs caract\u00e9ristiques essentielles. Source Wikipedia<\/p>\n","protected":false},"author":1,"featured_media":0,"parent":0,"menu_order":0,"comment_status":"closed","ping_status":"closed","template":"","meta":{"_coblocks_attr":"","_coblocks_dimensions":"","_coblocks_responsive_height":"","_coblocks_accordion_ie_support":"","_uag_custom_page_level_css":"","ocean_post_layout":"","ocean_both_sidebars_style":"","ocean_both_sidebars_content_width":0,"ocean_both_sidebars_sidebars_width":0,"ocean_sidebar":"","ocean_second_sidebar":"","ocean_disable_margins":"enable","ocean_add_body_class":"","ocean_shortcode_before_top_bar":"","ocean_shortcode_after_top_bar":"","ocean_shortcode_before_header":"","ocean_shortcode_after_header":"","ocean_has_shortcode":"","ocean_shortcode_after_title":"","ocean_shortcode_before_footer_widgets":"","ocean_shortcode_after_footer_widgets":"","ocean_shortcode_before_footer_bottom":"","ocean_shortcode_after_footer_bottom":"","ocean_display_top_bar":"default","ocean_display_header":"default","ocean_header_style":"","ocean_center_header_left_menu":"","ocean_custom_header_template":"","ocean_custom_logo":0,"ocean_custom_retina_logo":0,"ocean_custom_logo_max_width":0,"ocean_custom_logo_tablet_max_width":0,"ocean_custom_logo_mobile_max_width":0,"ocean_custom_logo_max_height":0,"ocean_custom_logo_tablet_max_height":0,"ocean_custom_logo_mobile_max_height":0,"ocean_header_custom_menu":"","ocean_menu_typo_font_family":"","ocean_menu_typo_font_subset":"","ocean_menu_typo_font_size":0,"ocean_menu_typo_font_size_tablet":0,"ocean_menu_typo_font_size_mobile":0,"ocean_menu_typo_font_size_unit":"px","ocean_menu_typo_font_weight":"","ocean_menu_typo_font_weight_tablet":"","ocean_menu_typo_font_weight_mobile":"","ocean_menu_typo_transform":"","ocean_menu_typo_transform_tablet":"","ocean_menu_typo_transform_mobile":"","ocean_menu_typo_line_height":0,"ocean_menu_typo_line_height_tablet":0,"ocean_menu_typo_line_height_mobile":0,"ocean_menu_typo_line_height_unit":"","ocean_menu_typo_spacing":0,"ocean_menu_typo_spacing_tablet":0,"ocean_menu_typo_spacing_mobile":0,"ocean_menu_typo_spacing_unit":"","ocean_menu_link_color":"","ocean_menu_link_color_hover":"","ocean_menu_link_color_active":"","ocean_menu_link_background":"","ocean_menu_link_hover_background":"","ocean_menu_link_active_background":"","ocean_menu_social_links_bg":"","ocean_menu_social_hover_links_bg":"","ocean_menu_social_links_color":"","ocean_menu_social_hover_links_color":"","ocean_disable_title":"default","ocean_disable_heading":"default","ocean_post_title":"","ocean_post_subheading":"","ocean_post_title_style":"","ocean_post_title_background_color":"","ocean_post_title_background":0,"ocean_post_title_bg_image_position":"","ocean_post_title_bg_image_attachment":"","ocean_post_title_bg_image_repeat":"","ocean_post_title_bg_image_size":"","ocean_post_title_height":0,"ocean_post_title_bg_overlay":0.5,"ocean_post_title_bg_overlay_color":"","ocean_disable_breadcrumbs":"default","ocean_breadcrumbs_color":"","ocean_breadcrumbs_separator_color":"","ocean_breadcrumbs_links_color":"","ocean_breadcrumbs_links_hover_color":"","ocean_display_footer_widgets":"default","ocean_display_footer_bottom":"default","ocean_custom_footer_template":"","footnotes":""},"class_list":["post-158","page","type-page","status-publish","hentry","entry"],"uagb_featured_image_src":{"full":false,"thumbnail":false,"medium":false,"medium_large":false,"large":false,"1536x1536":false,"2048x2048":false,"ocean-thumb-m":false,"ocean-thumb-ml":false,"ocean-thumb-l":false},"uagb_author_info":{"display_name":"remifa","author_link":"https:\/\/scieriefrancois.com\/index.php\/author\/remifa\/"},"uagb_comment_info":0,"uagb_excerpt":"Certifications et D\u00e9claration de performance D\u00e9claration des Performances La D\u00e9claration des Performances (Declaration of Performance ou DoP en anglais) est un document \u00e9tabli par les fabricants de produits de construction. Il s&rsquo;agit d&rsquo;un document qui d\u00e9taille les performances de ces produits en ce qui concerne leurs caract\u00e9ristiques essentielles. Source Wikipedia","_links":{"self":[{"href":"https:\/\/scieriefrancois.com\/index.php\/wp-json\/wp\/v2\/pages\/158","targetHints":{"allow":["GET"]}}],"collection":[{"href":"https:\/\/scieriefrancois.com\/index.php\/wp-json\/wp\/v2\/pages"}],"about":[{"href":"https:\/\/scieriefrancois.com\/index.php\/wp-json\/wp\/v2\/types\/page"}],"author":[{"embeddable":true,"href":"https:\/\/scieriefrancois.com\/index.php\/wp-json\/wp\/v2\/users\/1"}],"replies":[{"embeddable":true,"href":"https:\/\/scieriefrancois.com\/index.php\/wp-json\/wp\/v2\/comments?post=158"}],"version-history":[{"count":42,"href":"https:\/\/scieriefrancois.com\/index.php\/wp-json\/wp\/v2\/pages\/158\/revisions"}],"predecessor-version":[{"id":386,"href":"https:\/\/scieriefrancois.com\/index.php\/wp-json\/wp\/v2\/pages\/158\/revisions\/386"}],"wp:attachment":[{"href":"https:\/\/scieriefrancois.com\/index.php\/wp-json\/wp\/v2\/media?parent=158"}],"curies":[{"name":"wp","href":"https:\/\/api.w.org\/{rel}","templated":true}]}}